{"id":1401,"date":"2023-05-19T21:52:58","date_gmt":"2023-05-19T21:52:58","guid":{"rendered":"https:\/\/tasdegirmenmakina.com.tr\/?page_id=1401"},"modified":"2023-05-19T22:10:54","modified_gmt":"2023-05-19T22:10:54","slug":"ankara-yem","status":"publish","type":"page","link":"https:\/\/tasdegirmenmakina.com.tr\/index.php\/ankara-yem\/","title":{"rendered":"Ankara Yem"},"content":{"rendered":"\t\t<div data-elementor-type=\"wp-page\" data-elementor-id=\"1401\" class=\"elementor elementor-1401\" data-elementor-settings=\"[]\">\n\t\t\t\t\t\t\t<div class=\"elementor-section-wrap\">\n\t\t\t\t\t\t\t<section class=\"elementor-section elementor-top-section elementor-element elementor-element-9c87161 elementor-section-boxed elementor-section-height-default elementor-section-height-default\" data-id=\"9c87161\" data-element_type=\"section\" data-settings=\"{&quot;ekit_has_onepagescroll_dot&quot;:&quot;yes&quot;}\">\n\t\t\t\t\t\t<div class=\"elementor-container elementor-column-gap-default\">\n\t\t\t\t\t<div class=\"elementor-column elementor-col-100 elementor-top-column elementor-element elementor-element-bc1a268\" data-id=\"bc1a268\" data-element_type=\"column\">\n\t\t\t<div class=\"elementor-widget-wrap elementor-element-populated\">\n\t\t\t\t\t\t\t\t<div class=\"elementor-element elementor-element-1dfd1ea elementor-widget elementor-widget-image\" data-id=\"1dfd1ea\" data-element_type=\"widget\" data-settings=\"{&quot;ekit_we_effect_on&quot;:&quot;none&quot;}\" data-widget_type=\"image.default\">\n\t\t\t\t<div class=\"elementor-widget-container\">\n\t\t\t\t\t\t\t\t\t\t\t\t\t\t\t<img loading=\"lazy\" decoding=\"async\" width=\"960\" height=\"720\" src=\"https:\/\/tasdegirmenmakina.com.tr\/wp-content\/uploads\/2023\/05\/3.jpg\" class=\"attachment-large size-large\" alt=\"\" srcset=\"https:\/\/tasdegirmenmakina.com.tr\/wp-content\/uploads\/2023\/05\/3.jpg 960w, https:\/\/tasdegirmenmakina.com.tr\/wp-content\/uploads\/2023\/05\/3-300x225.jpg 300w, https:\/\/tasdegirmenmakina.com.tr\/wp-content\/uploads\/2023\/05\/3-768x576.jpg 768w, https:\/\/tasdegirmenmakina.com.tr\/wp-content\/uploads\/2023\/05\/3-195x146.jpg 195w, https:\/\/tasdegirmenmakina.com.tr\/wp-content\/uploads\/2023\/05\/3-50x38.jpg 50w, https:\/\/tasdegirmenmakina.com.tr\/wp-content\/uploads\/2023\/05\/3-100x75.jpg 100w, https:\/\/tasdegirmenmakina.com.tr\/wp-content\/uploads\/2023\/05\/3-600x450.jpg 600w\" sizes=\"auto, (max-width: 960px) 100vw, 960px\" \/>\t\t\t\t\t\t\t\t\t\t\t\t\t\t\t<\/div>\n\t\t\t\t<\/div>\n\t\t\t\t\t<\/div>\n\t\t<\/div>\n\t\t\t\t\t\t\t<\/div>\n\t\t<\/section>\n\t\t\t\t<section class=\"elementor-section elementor-top-section elementor-element elementor-element-46d5818 elementor-section-boxed elementor-section-height-default elementor-section-height-default\" data-id=\"46d5818\" data-element_type=\"section\" data-settings=\"{&quot;ekit_has_onepagescroll_dot&quot;:&quot;yes&quot;}\">\n\t\t\t\t\t\t<div class=\"elementor-container elementor-column-gap-default\">\n\t\t\t\t\t<div class=\"elementor-column elementor-col-100 elementor-top-column elementor-element elementor-element-fb4fba0\" data-id=\"fb4fba0\" data-element_type=\"column\">\n\t\t\t<div class=\"elementor-widget-wrap elementor-element-populated\">\n\t\t\t\t\t\t\t\t<div class=\"elementor-element elementor-element-e02e497 elementor-widget elementor-widget-heading\" data-id=\"e02e497\" data-element_type=\"widget\" data-settings=\"{&quot;ekit_we_effect_on&quot;:&quot;none&quot;}\" data-widget_type=\"heading.default\">\n\t\t\t\t<div class=\"elementor-widget-container\">\n\t\t\t<h2 class=\"elementor-heading-title elementor-size-default\">Ankara Yem<\/h2>\t\t<\/div>\n\t\t\t\t<\/div>\n\t\t\t\t<div class=\"elementor-element elementor-element-d97cfaa elementor-widget elementor-widget-text-editor\" data-id=\"d97cfaa\" data-element_type=\"widget\" data-settings=\"{&quot;ekit_we_effect_on&quot;:&quot;none&quot;}\" data-widget_type=\"text-editor.default\">\n\t\t\t\t<div class=\"elementor-widget-container\">\n\t\t\t\t\t\t\t<p>B\u00fcy\u00fck ba\u015f ve K\u00fc\u00e7\u00fck ba\u015f hayvan yemleri i\u00e7in depolama silolar\u0131 ve bu silolar i\u00e7in PELET YEM dolum zincirli konveyorleri tasarland\u0131<br \/>Fabrikan\u0131n \u00fcretim hatt\u0131ndan ald\u0131\u011f\u0131m\u0131z pelet yem leri,zincirli konveyor ile hassas bir ta\u015f\u0131ma yaparak ,\u00fcretti\u011fimiz silo lar ile bulu\u015fturuyoruz.<br \/>Ve silo i\u00e7ersindeki pelet yemleri OTOMAT\u0130K PAKETLEME makinas\u0131 ile bulu\u015fturarak,hassas ve seri bir \u015fekilde y\u00fckleme i\u015flemi ger\u00e7ekle\u015ftiriyoruz<br \/>ve ayn\u0131 zamanda D\u00d6KME PELET YEM isteyen m\u00fc\u015fteriler i\u00e7in ise her bir silodan istedi\u011fi \u00fcr\u00fcn\u00fc alarak kamyon i\u00e7ersine d\u00f6kme yem olarak\u00a0ta\u015f\u0131yabiliyor<\/p>\t\t\t\t\t\t<\/div>\n\t\t\t\t<\/div>\n\t\t\t\t<div class=\"elementor-element elementor-element-109d544 elementor-widget elementor-widget-gallery\" data-id=\"109d544\" data-element_type=\"widget\" data-settings=\"{&quot;lazyload&quot;:&quot;yes&quot;,&quot;gallery_layout&quot;:&quot;grid&quot;,&quot;columns&quot;:4,&quot;columns_tablet&quot;:2,&quot;columns_mobile&quot;:1,&quot;gap&quot;:{&quot;unit&quot;:&quot;px&quot;,&quot;size&quot;:10,&quot;sizes&quot;:[]},&quot;gap_tablet&quot;:{&quot;unit&quot;:&quot;px&quot;,&quot;size&quot;:10,&quot;sizes&quot;:[]},&quot;gap_mobile&quot;:{&quot;unit&quot;:&quot;px&quot;,&quot;size&quot;:10,&quot;sizes&quot;:[]},&quot;link_to&quot;:&quot;file&quot;,&quot;aspect_ratio&quot;:&quot;3:2&quot;,&quot;overlay_background&quot;:&quot;yes&quot;,&quot;content_hover_animation&quot;:&quot;fade-in&quot;,&quot;ekit_we_effect_on&quot;:&quot;none&quot;}\" data-widget_type=\"gallery.default\">\n\t\t\t\t<div class=\"elementor-widget-container\">\n\t\t\t\t\t<div class=\"elementor-gallery__container\">\n\t\t\t\t\t\t\t<a class=\"e-gallery-item elementor-gallery-item elementor-animated-content\" href=\"https:\/\/tasdegirmenmakina.com.tr\/wp-content\/uploads\/2023\/05\/1.jpg\" data-elementor-open-lightbox=\"yes\" data-elementor-lightbox-slideshow=\"all-109d544\" data-elementor-lightbox-title=\"1\">\n\t\t\t\t\t<div class=\"e-gallery-image elementor-gallery-item__image\" data-thumbnail=\"https:\/\/tasdegirmenmakina.com.tr\/wp-content\/uploads\/2023\/05\/1-135x300.jpg\" data-width=\"135\" data-height=\"300\" alt=\"\" ><\/div>\n\t\t\t\t\t\t\t\t\t\t<div class=\"elementor-gallery-item__overlay\"><\/div>\n\t\t\t\t\t\t\t\t\t\t\t\t\t\t<\/a>\n\t\t\t\t\t\t\t<a class=\"e-gallery-item elementor-gallery-item elementor-animated-content\" href=\"https:\/\/tasdegirmenmakina.com.tr\/wp-content\/uploads\/2023\/05\/01.jpg\" data-elementor-open-lightbox=\"yes\" data-elementor-lightbox-slideshow=\"all-109d544\" data-elementor-lightbox-title=\"01\">\n\t\t\t\t\t<div class=\"e-gallery-image elementor-gallery-item__image\" data-thumbnail=\"https:\/\/tasdegirmenmakina.com.tr\/wp-content\/uploads\/2023\/05\/01-135x300.jpg\" data-width=\"135\" data-height=\"300\" alt=\"\" ><\/div>\n\t\t\t\t\t\t\t\t\t\t<div class=\"elementor-gallery-item__overlay\"><\/div>\n\t\t\t\t\t\t\t\t\t\t\t\t\t\t<\/a>\n\t\t\t\t\t\t\t<a class=\"e-gallery-item elementor-gallery-item elementor-animated-content\" href=\"https:\/\/tasdegirmenmakina.com.tr\/wp-content\/uploads\/2023\/05\/4.jpg\" data-elementor-open-lightbox=\"yes\" data-elementor-lightbox-slideshow=\"all-109d544\" data-elementor-lightbox-title=\"4\">\n\t\t\t\t\t<div class=\"e-gallery-image elementor-gallery-item__image\" data-thumbnail=\"https:\/\/tasdegirmenmakina.com.tr\/wp-content\/uploads\/2023\/05\/4-300x225.jpg\" data-width=\"300\" data-height=\"225\" alt=\"\" ><\/div>\n\t\t\t\t\t\t\t\t\t\t<div class=\"elementor-gallery-item__overlay\"><\/div>\n\t\t\t\t\t\t\t\t\t\t\t\t\t\t<\/a>\n\t\t\t\t\t\t\t<a class=\"e-gallery-item elementor-gallery-item elementor-animated-content\" href=\"https:\/\/tasdegirmenmakina.com.tr\/wp-content\/uploads\/2023\/05\/3.jpg\" data-elementor-open-lightbox=\"yes\" data-elementor-lightbox-slideshow=\"all-109d544\" data-elementor-lightbox-title=\"3\">\n\t\t\t\t\t<div class=\"e-gallery-image elementor-gallery-item__image\" data-thumbnail=\"https:\/\/tasdegirmenmakina.com.tr\/wp-content\/uploads\/2023\/05\/3-300x225.jpg\" data-width=\"300\" data-height=\"225\" alt=\"\" ><\/div>\n\t\t\t\t\t\t\t\t\t\t<div class=\"elementor-gallery-item__overlay\"><\/div>\n\t\t\t\t\t\t\t\t\t\t\t\t\t\t<\/a>\n\t\t\t\t\t\t\t<a class=\"e-gallery-item elementor-gallery-item elementor-animated-content\" href=\"https:\/\/tasdegirmenmakina.com.tr\/wp-content\/uploads\/2023\/05\/3-1.jpg\" data-elementor-open-lightbox=\"yes\" data-elementor-lightbox-slideshow=\"all-109d544\" data-elementor-lightbox-title=\"3\">\n\t\t\t\t\t<div class=\"e-gallery-image elementor-gallery-item__image\" data-thumbnail=\"https:\/\/tasdegirmenmakina.com.tr\/wp-content\/uploads\/2023\/05\/3-1-300x225.jpg\" data-width=\"300\" data-height=\"225\" alt=\"\" ><\/div>\n\t\t\t\t\t\t\t\t\t\t<div class=\"elementor-gallery-item__overlay\"><\/div>\n\t\t\t\t\t\t\t\t\t\t\t\t\t\t<\/a>\n\t\t\t\t\t<\/div>\n\t\t\t<\/div>\n\t\t\t\t<\/div>\n\t\t\t\t\t<\/div>\n\t\t<\/div>\n\t\t\t\t\t\t\t<\/div>\n\t\t<\/section>\n\t\t\t\t\t\t<\/div>\n\t\t\t\t\t<\/div>\n\t\t","protected":false},"excerpt":{"rendered":"<p>Ankara Yem B\u00fcy\u00fck ba\u015f ve K\u00fc\u00e7\u00fck ba\u015f hayvan yemleri i\u00e7in depolama silolar\u0131 ve bu silolar i\u00e7in PELET YEM dolum zincirli konveyorleri tasarland\u0131Fabrikan\u0131n \u00fcretim hatt\u0131ndan ald\u0131\u011f\u0131m\u0131z pelet<span class=\"excerpt-hellip\"> [\u2026]<\/span><\/p>\n","protected":false},"author":2,"featured_media":0,"parent":0,"menu_order":0,"comment_status":"closed","ping_status":"closed","template":"","meta":{"footnotes":""},"class_list":["post-1401","page","type-page","status-publish","hentry"],"_links":{"self":[{"href":"https:\/\/tasdegirmenmakina.com.tr\/index.php\/wp-json\/wp\/v2\/pages\/1401","targetHints":{"allow":["GET"]}}],"collection":[{"href":"https:\/\/tasdegirmenmakina.com.tr\/index.php\/wp-json\/wp\/v2\/pages"}],"about":[{"href":"https:\/\/tasdegirmenmakina.com.tr\/index.php\/wp-json\/wp\/v2\/types\/page"}],"author":[{"embeddable":true,"href":"https:\/\/tasdegirmenmakina.com.tr\/index.php\/wp-json\/wp\/v2\/users\/2"}],"replies":[{"embeddable":true,"href":"https:\/\/tasdegirmenmakina.com.tr\/index.php\/wp-json\/wp\/v2\/comments?post=1401"}],"version-history":[{"count":7,"href":"https:\/\/tasdegirmenmakina.com.tr\/index.php\/wp-json\/wp\/v2\/pages\/1401\/revisions"}],"predecessor-version":[{"id":1438,"href":"https:\/\/tasdegirmenmakina.com.tr\/index.php\/wp-json\/wp\/v2\/pages\/1401\/revisions\/1438"}],"wp:attachment":[{"href":"https:\/\/tasdegirmenmakina.com.tr\/index.php\/wp-json\/wp\/v2\/media?parent=1401"}],"curies":[{"name":"wp","href":"https:\/\/api.w.org\/{rel}","templated":true}]}}