{"id":1823,"date":"2023-10-17T09:33:22","date_gmt":"2023-10-17T09:33:22","guid":{"rendered":"https:\/\/tasdegirmenmakina.com.tr\/?post_type=product&#038;p=1823"},"modified":"2023-10-17T09:52:48","modified_gmt":"2023-10-17T09:52:48","slug":"kare-silo","status":"publish","type":"product","link":"https:\/\/tasdegirmenmakina.com.tr\/index.php\/urun\/kare-silo\/","title":{"rendered":"Kare Silo"},"content":{"rendered":"","protected":false},"excerpt":{"rendered":"<p>Kare silolar\u0131 tah\u0131l, yem gibi bir\u00e7ok taneli ve toz \u00fcr\u00fcnlerin depolanmas\u0131 i\u00e7in m\u00fc\u015fterilerine \u00e7\u00f6z\u00fcm sunmaktad\u0131r. Birbirine ge\u00e7me trapez b\u00fck\u00fcml\u00fc mod\u00fcller halinde imal edilir. Montaj ve demontaj\u0131 kolayd\u0131r.Mod\u00fcler sistem m\u00fc\u015fteri iste\u011fine g\u00f6re adapte edilir. Talep edilen \u00f6l\u00e7\u00fclerde ve istenen kapasitelerde dizayn yap\u0131l\u0131r. Dar alanda yuvarlak siloya g\u00f6re daha \u00e7ok depolama sa\u011flan\u0131r. \u0130htiyaca g\u00f6re h\u00fccresel b\u00f6l\u00fcmleme\u00ad ler yap\u0131labilir.<\/p>\n<p><a href=\"https:\/\/tasdegirmenmakina.com.tr\/wp-content\/uploads\/2023\/10\/kare-un-silosu-teknik.pdf\" target=\"_blank\" rel=\"noopener\">Teknik PDF<\/a><\/p>\n<p><a href=\"https:\/\/tasdegirmenmakina.com.tr\/wp-content\/uploads\/2023\/10\/kare-un-silosu-2-teknik.pdf\" target=\"_blank\" rel=\"noopener\">Teknik 2 PDF<\/a><\/p>\n","protected":false},"featured_media":1463,"comment_status":"open","ping_status":"closed","template":"","meta":[],"product_cat":[163],"product_tag":[],"class_list":["post-1823","product","type-product","status-publish","has-post-thumbnail","hentry","product_cat-depolama"],"_links":{"self":[{"href":"https:\/\/tasdegirmenmakina.com.tr\/index.php\/wp-json\/wp\/v2\/product\/1823","targetHints":{"allow":["GET"]}}],"collection":[{"href":"https:\/\/tasdegirmenmakina.com.tr\/index.php\/wp-json\/wp\/v2\/product"}],"about":[{"href":"https:\/\/tasdegirmenmakina.com.tr\/index.php\/wp-json\/wp\/v2\/types\/product"}],"replies":[{"embeddable":true,"href":"https:\/\/tasdegirmenmakina.com.tr\/index.php\/wp-json\/wp\/v2\/comments?post=1823"}],"wp:featuredmedia":[{"embeddable":true,"href":"https:\/\/tasdegirmenmakina.com.tr\/index.php\/wp-json\/wp\/v2\/media\/1463"}],"wp:attachment":[{"href":"https:\/\/tasdegirmenmakina.com.tr\/index.php\/wp-json\/wp\/v2\/media?parent=1823"}],"wp:term":[{"taxonomy":"product_cat","embeddable":true,"href":"https:\/\/tasdegirmenmakina.com.tr\/index.php\/wp-json\/wp\/v2\/product_cat?post=1823"},{"taxonomy":"product_tag","embeddable":true,"href":"https:\/\/tasdegirmenmakina.com.tr\/index.php\/wp-json\/wp\/v2\/product_tag?post=1823"}],"curies":[{"name":"wp","href":"https:\/\/api.w.org\/{rel}","templated":true}]}}