{"id":1868,"date":"2023-10-17T09:33:35","date_gmt":"2023-10-17T09:33:35","guid":{"rendered":"https:\/\/tasdegirmenmakina.com.tr\/?post_type=product&#038;p=1868"},"modified":"2023-10-17T09:33:39","modified_gmt":"2023-10-17T09:33:39","slug":"acili-cebri-tav","status":"publish","type":"product","link":"https:\/\/tasdegirmenmakina.com.tr\/index.php\/urun\/acili-cebri-tav\/","title":{"rendered":"A\u00e7\u0131l\u0131 Cebri Tav"},"content":{"rendered":"","protected":false},"excerpt":{"rendered":"<p>Cebri tav makinesi;un ve irmik fabrikalar\u0131nda kuru temizleme yap\u0131ld\u0131\u011f\u0131nda hububa\u00ad ta daha k\u0131sa s\u00fcrede daha az su kullan\u0131larak su vermek i\u00e7in kullan\u0131l\u0131r. Bu\u011fday\u0131n istenilen<br \/>\nnem oran\u0131na ula\u015fmas\u0131 i\u00e7in s\u0131ras\u0131yla 1. ve 2.\u00dcnitede tavlama yap\u0131l\u0131r.\u00dc\u00e7l\u00fc rotor sistemiyle bu\u011fdaya h\u0131zl\u0131 ve e\u015fit oranda su verme, bu\u011fday\u0131 s\u0131k\u0131\u015ft\u0131rarak ve ovalayarak tav i\u015flemi ger\u00e7ekle\u015ftirilir. Cebri tav\u0131n su ile temas eden k\u0131s\u0131mlar\u0131 krom &#8211; nikelden yap\u0131lm\u0131\u015ft\u0131r. Bu \u015fekilde makinenin daha dayan\u0131kl\u0131 ve sa\u011fl\u0131k a\u00e7\u0131s\u0131ndan daha uygun olmas\u0131 sa\u011flanm\u0131\u015ft\u0131r. Yeni model g\u00f6vdesi g\u00fcr\u00fclt\u00fcy\u00fc ve a\u015f\u0131nmay\u0131 engeller.Bak\u0131m\u0131 kolayd\u0131r.<\/p>\n<p><a href=\"https:\/\/tasdegirmenmakina.com.tr\/wp-content\/uploads\/2023\/10\/acili-cebri-teknik.pdf\" target=\"_blank\" rel=\"noopener\">Teknik PDF<\/a><\/p>\n","protected":false},"featured_media":1600,"comment_status":"open","ping_status":"closed","template":"","meta":[],"product_cat":[175],"product_tag":[],"class_list":["post-1868","product","type-product","status-publish","has-post-thumbnail","hentry","product_cat-temizleme"],"_links":{"self":[{"href":"https:\/\/tasdegirmenmakina.com.tr\/index.php\/wp-json\/wp\/v2\/product\/1868","targetHints":{"allow":["GET"]}}],"collection":[{"href":"https:\/\/tasdegirmenmakina.com.tr\/index.php\/wp-json\/wp\/v2\/product"}],"about":[{"href":"https:\/\/tasdegirmenmakina.com.tr\/index.php\/wp-json\/wp\/v2\/types\/product"}],"replies":[{"embeddable":true,"href":"https:\/\/tasdegirmenmakina.com.tr\/index.php\/wp-json\/wp\/v2\/comments?post=1868"}],"wp:featuredmedia":[{"embeddable":true,"href":"https:\/\/tasdegirmenmakina.com.tr\/index.php\/wp-json\/wp\/v2\/media\/1600"}],"wp:attachment":[{"href":"https:\/\/tasdegirmenmakina.com.tr\/index.php\/wp-json\/wp\/v2\/media?parent=1868"}],"wp:term":[{"taxonomy":"product_cat","embeddable":true,"href":"https:\/\/tasdegirmenmakina.com.tr\/index.php\/wp-json\/wp\/v2\/product_cat?post=1868"},{"taxonomy":"product_tag","embeddable":true,"href":"https:\/\/tasdegirmenmakina.com.tr\/index.php\/wp-json\/wp\/v2\/product_tag?post=1868"}],"curies":[{"name":"wp","href":"https:\/\/api.w.org\/{rel}","templated":true}]}}